the remainder when y(t) is divided by (2 - 10/7)/((-46)/(-161))?
0
Let w = -832 + 175. Let j = -616 - w. Calculate the remainder when 201 is divided by j.
37
Let x(s) = -s**2 - 26*s + 11. Calculate the remainder when 1236 is divided by x(-24).
56
Let a = 373 + -309. Calculate the remainder when 1662 is divided by a.
62
Let q be 2*775/(7 + -2). Let c = q - 157. What is the remainder when c is divided by 12?
9
Suppose 0 = -c + 3*o + 24, 4*c - 3*o = -4 + 64. Let l(t) = -2*t**2 - 155*t - 517. What is the remainder when c is divided by l(-74)?
0
Suppose -23*a = 21*a + 10*a - 37476. Calculate the remainder when 2157 is divided by a.
75
Let s = 5813 + -5736. What is the remainder when 8930 is divided by s?
75
Suppose -2*s - 67 = -7*s - 2*x, 5 = 5*x. Let u = 112182 + -112103. What is the remainder when u is divided by s?
1
Suppose -30*x + s - 270 = -32*x, 3*x + 5*s = 405. Calculate the remainder when x is divided by 22.
3
Suppose 4*v - 288 = -4*c, 0*v = -5*v. Suppose 3*f + 2*w - c = -w, -5*f + 127 = -2*w. Calculate the remainder when f is divided by 9.
7
Calculate the remainder when (29475 - 34) + 46/(-2) is divided by 31.
30
Let v be (1 - (-65)/15)/((-2)/(-111)). Let w = 204 - v. Let n = -64 - w. Calculate the remainder when n is divided by 8.
4
Calculate the remainder when 4234/(-5)*1835/(-734) is divided by 79.
63
Calculate the remainder when (45/(-12))/((-6)/144*90/5630) is divided by 11.
9
Suppose 2*h + 3*h = 435. Suppose h = 3*p - 0. What is the remainder when -3 - (-2)/(4/114) is divided by p?
25
Suppose -3*k - 89 + 761 = 11*k. Calculate the remainder when 370 is divided by k.
34
Let w(d) = 3*d**2 - 34*d - 512. What is the remainder when w(-46) is divided by 2464?
8
Let z = 103 + -97. What is the remainder when 60 is divided by ((-33)/(-6) - z)*-46?
14
Let g = -234 - -412. Let c(z) = -z**2 - 24*z + 69. Let l be c(3). What is the remainder when g is divided by ((-2210)/l)/5 + (-160)/192?
34
Let y = -21 - 7. Let b = 944 - 954. Let d = b - y. Calculate the remainder when 88 is divided by d.
16
Let d be -2*(18/24 - (-2)/(-8)). Let v(h) = -75*h**3 - 3*h**2 - 3*h - 1. Let p be v(d). Let k = -57 + p. What is the remainder when k is divided by 6?
5
Let z(k) = -12*k**3 - 9*k**2 - 105*k - 206. Let s(c) = c**3 + 8*c**2 + 8*c + 9. Let r = -13 + 7. What is the remainder when z(-2) is divided by s(r)?
31
Suppose k - 6*k - g = -10, 28 = 3*k + 5*g. Suppose -4*j - 3 = -4*v + k, -5*j + 4*v = 2. Calculate the remainder when j/1*7/2 is divided by 5.
2
Calculate the remainder when 1408 is divided by (-22 - -4)*1338/(-84) + (-2)/(-7).
260
Let w = -8433 + 14997. Calculate the remainder when w is divided by 13.
12
Let d = -86 + 88. Suppose z - 101 = 2*s, -s + 167 = d*z - 15. Suppose 4 = q - z. Calculate the remainder when q is divided by 29.
10
Let z = 27 + -5. Suppose 5*c = -3*l + 220, 0*c = -5*c + 2*l + 195. Calculate the remainder when c is divided by z.
19
Suppose 2*y + 5*w - 67 + 20 = 0, 2*w = -10. Suppose 3*v - y = -9. Let i(g) = 7*g**2 + 2*g - 4. Calculate the remainder when i(-3) is divided by v.
8
Suppose 0 = -3*a + 5*g + 38, 3*a + 2*g = 5*a - 20. Suppose -f + a*f = -40. What is the remainder when 2/8 + (-3 - 198/f) is divided by 5?
2
Suppose -335 = -v - 5*z, 188 + 1463 = 5*v + z. What is the remainder when v is divided by 34?
24
Suppose -3*c + c + 180 = 0. Suppose -152*d = -385*d + 5359. What is the remainder when c is divided by d?
21
Let t(j) = -2*j**2 + 10. Suppose 14*r + 126*r - 384 = 12*r. What is the remainder when t(0) is divided by r?
1
Suppose 161 = 11*q - 125. Suppose 3 = -0*r - r, -p + 686 = -4*r. Calculate the remainder when p is divided by q.
24
Let j = 53 + -32. Let s = 27 - j. Calculate the remainder when ((-6)/4)/(s/(-596)) is divided by 38.
35
Let p = 803 + -766. What is the remainder when 50 is divided by p?
13
Let p = 8377 + -8285. What is the remainder when 252 is divided by p?
68
Suppose 2*p = p - 3*v - 19, 0 = 2*v + 8. Let w(g) = -19*g - 46. What is the remainder when w(p) is divided by 24?
15
Suppose -5*m = -1894 + 1314. Let r be 416/(-48)*(-6)/4. Let g(t) = t**3 - 12*t**2 - 11*t - 13. What is the remainder when m is divided by g(r)?
12
Let o(r) = 95*r + 2021. Let v = 101 - 59. What is the remainder when o(-20) is divided by v?
37
What is the remainder when 518 is divided by -4 - 510/(-135) - 173/(-9)?
5
Let i(l) = l**3 - 63*l**2 - 96*l - 223. Calculate the remainder when i(65) is divided by 83.
78
Suppose -1855 = 11*p - 18*p. Let v = -213 + p. Calculate the remainder when v is divided by 9.
7
Suppose -4*l + 3*g + 2*g + 2212 = 0, 3*g = 12. Let y = 1933 + -1900. Calculate the remainder when l is divided by y.
30
Suppose -104*u + 96*u = -1456. Suppose -24*v + u = -17*v. What is the remainder when (-2)/4 + 194/4 is divided by v?
22
Let z = 73 - 20. Suppose 156*t = 1685*t - 22935. What is the remainder when z is divided by t?
8
Suppose 9*u = -333 + 4212. Suppose -71 = 9*l - u. Calculate the remainder when 123 is divided by l.
3
Let a(d) = -46*d - 3363. What is the remainder when a(-75) is divided by 4?
3
Let q(d) = d**3 + 3*d**2 - 4*d + 4. Let t be q(-4). Suppose -105 = t*p - 7*p. Calculate the remainder when p is divided by (-1)/(-4 + 3) - 18*(-9 + 8).
16
Suppose 5*m = 0, 36 = 3*y + 2*m - 39. Let n be (-12 - 2)/(65/30 + -2). Let x = n + 157. Calculate the remainder when x is divided by y.
23
Let z(b) = -2*b + 33. Suppose 55*q = 60*q - 65. Let y = q + -1. Calculate the remainder when 33 is divided by z(y).
6
Suppose 345 = 52*j - 435. What is the remainder when 100 is divided by (-5 - (-33)/j)*-10?
16
What is the remainder when 569 + (0 - (0 + (2 - 5)))*-1 is divided by 82?
74
Let u = -27 - -48. Let s = 1 + -13. Let k(x) = x**3 + 13*x**2 + 6*x + 10. What is the remainder when k(s) is divided by u?
19
Let d(p) = 118*p + 21. Let q be d(3). Suppose 4*j - 1875 = -5*v, -v + 2*v - 5*j - q = 0. What is the remainder when v is divided by 29?
27
Suppose -159 = -3*q + 4*d + 164, 435 = 4*q - d. Let o = q + -76. What is the remainder when o is divided by (-13 - -1)*(-6)/4?
15
Let u(h) = h**2 + 22*h - 9. Let q be u(-17). Let g = q + 111. What is the remainder when (-4)/(-2 - 62/(-32)) is divided by g?
13
Let m be (1 + (-12)/9)/((-1)/12). Suppose -m*r - v + 269 = 0, -2*v = -5*r + 354 - 34. What is the remainder when r is divided by 37 - (-5)/((-10)/4)?
31
Suppose 1395 = -6*r - 255. Let k = r - -284. What is the remainder when (1*-1)/((-1)/26) is divided by k?
8
Suppose f + 2 = 0, 70 = -3*v + 8*v - 5*f. What is the remainder when 11711 is divided by v?
11
Let a = 2190 + -2153. Let h(w) = -w**3 - 2*w**2 + 2*w - 5. What is the remainder when a is divided by h(-4)?
18
Let l be (0 + 135)/(7/21). Let m = -389 + l. What is the remainder when 127 is divided by m?
15
Let n(s) = 2*s**2 - 393*s - 1973. What is the remainder when 62 is divided by n(-5)?
20
Suppose 164*r = 233*r - 26151. What is the remainder when r is divided by 45?
19
Let f(r) = 2*r**3 - 7*r**2 - 15*r - 1. Let b be f(5). What is the remainder when ((-10)/5 - 89)/(-2 - b) is divided by 24?
19
Suppose 0 = a - 3*a. Suppose 4*i + 4*u = 264, 3*i - u - 2*u - 174 = a. What is the remainder when i is divided by 160/112 + (-1020)/(-70)?
14
Let l(b) = 2*b**2 - 161*b + 2520. What is the remainder when l(68) is divided by 49?
36
Let b be (1056/9)/((-3)/9) + 2. Let t = 369 + b. Calculate the remainder when 53 is divided by t.
15
Let c = -17947 + 21150. Calculate the remainder when c is divided by 36.
35
Let c(r) = -9*r**3 + r**2 - 5*r - 4. Calculate the remainder when 318 is divided by c(-1).
10
Let q = -75 - -111. Calculate the remainder when -186*(-25)/45 + 8/(-6) is divided by q.
30
Let y = -5859 - -6599. What is the remainder when y is divided by 11?
3
Let r(t) = -131*t - 1320. Calculate the remainder when r(-18) is divided by 29.
23
Let r = -74 + 80. Let z be 1 - 21 - (r + -8). What is the remainder when ((-20)/(-1))/((-28)/z)*7 is divided by 31?
28
Suppose -3*g + 0 + 3 = 0. Let q = 269 + -230. Let a = g + q. What is the remainder when a is divided by 14?
12
Suppose 0 = 3*p + 3*v - 7*v - 425, -4*v + 115 = p. What is the remainder when 434 is divided by p?
29
Suppose 2*t = -8, 30*b + 804 = 34*b + 4*t. Calculate the remainder when b is divided by 98.
9
Suppose -5*y - 2*b + 439 = -208, 3*b = -4*y + 512. 